 - 1) - 8
-3
Evaluate 1 + (6 - (3 + -5)).
9
Evaluate -1 - (6 + (5 - (22 + -3))).
7
Calculate 0 - ((6 - (-3 - -6)) + 4).
-7
What is the value of 124 + -117 + (1 - 2)?
6
What is -18 + 25 - (1 + 1)?
5
Evaluate -3 + (1 - (-2 - -3)).
-3
Calculate -8 - ((0 - 5 - 0) + 2).
-5
Calculate 0 + -6 + 14 + -1 + 0.
7
What is the value of 4 - (-8 - (-10 - 0))?
2
Evaluate -1 - 1 - (5 + -4).
-3
Evaluate (-5 - -12) + -4 - 10 - -14.
7
What is the value of (-6 - 2) + 4 + 3?
-1
What is the value of 2 + 0 + 2 - (54 - 57)?
7
What is (3 + 0 - 7) + -1?
-5
What is the value of -6 + 0 + 6 + -7 + 3?
-4
(1 - 2) + 2 - -1
2
What is the value of -4 + -2 + -11 + 12?
-5
-8 - (-3 - (-4 - -4))
-5
Evaluate -6 + 8 + (0 - 3).
-1
What is the value of 2 + -5 + 3 - (0 - 6)?
6
Calculate -36 + 36 - (1 + -2 - 0).
1
Evaluate 1 - 1 - ((1 - -6) + -8).
1
Evaluate 3 + -3 + (1 - -5) + -2.
4
Evaluate 4 + (2 - 3) + 2.
5
-6 + 9 + 3 + (-2 - -1)
5
What is -1 + -2 + (-28 - (-53 - -18))?
4
Calculate -2 - (1 - -1 - 2).
-2
What is 6 + 4 + (-9 - (-1 + 0))?
2
What is 0 - 0 - (-8 + 7 + -1)?
2
What is the value of 3 + 0 + 5 + (1 - 4)?
5
Evaluate 6 + (2 + 1 - 1) + -3.
5
Calculate 16 - (-3 - -8) - 5.
6
1 + (2 - (4 - (-1 + -1)))
-3
Evaluate -7 - (0 + (-19 - -2)).
10
What is (-12 - -1) + (-6 - -5 - -7)?
-5
What is the value of -4 - ((0 - 1) + -11 + 11)?
-3
Calculate (3 - 1) + -14 + 2 - -3.
-7
Evaluate -8 + 5 + (1 - 2).
-4
What is the value of -10 + (2 - -3) + 3?
-2
Evaluate 6 + -2 - (15 + -13).
2
What is the value of 11 + -1 + (10 - 16)?
4
What is the value of -6 + (1 + -1 - -3)?
-3
-19 + 12 + (11 - (1 + 4))
-1
What is -4 + 7 - (1 - -1 - 2)?
3
Evaluate -22 - 1 - -18 - (0 - 0).
-5
What is the value of (4 - -1 - (0 + 1)) + 7?
11
What is -3 + (0 - (-1 - 6))?
4
Evaluate 3 - -1 - (16 - 10 - 5).
3
Calculate 8 - 11 - (1 + -1).
-3
Calculate 3 + (-1 - (1 + 4)).
-3
Calculate 1 + 0 - (-7 + 13).
-5
Calculate -15 - (-1 - 5) - -4.
-5
What is the value of (3 + 4 - 8) + 0?
-1
Evaluate (-1 - 1) + (-1 + 10 - 9).
-2
What is the value of 2 + (-6 - (2 + -2))?
-4
What is the value of (-15 + 0 - -10) + 13?
8
(1 - (4 + 1)) + 3
-1
(6 - 7) + (3 + 1 - 3)
0
5 - (5 + -9 - -8) - -9
10
What is the value of 2 - (-2 - (-11 - -7))?
0
Calculate 1 - (0 + -4 + 6).
-1
What is the value of -1 - -1 - 0 - (3 - 6)?
3
What is -38 - -26 - (-2 + 3 + -5)?
-8
(7 - -3) + (-12 - -8) - 0
6
What is the value of 6 + 0 + -7 + 0?
-1
What is the value of -12 + 12 - (1 + (-1 - 0))?
0
-15 + 10 - 4 - (-5 - 0)
-4
What is 1 + -2 - (-15 + 14)?
0
What is the value of 7 - (3 + 1) - 10?
-7
Evaluate (10 - 0) + (-14 - -7).
3
Evaluate -37 + 36 - (1 + -4).
2
What is the value of (1 - (2 + 0 - -4)) + 15?
10
What is the value of 9 + -1 + (-6 - -7) + -1?
8
Calculate 6 + -2 + (0 - (-1 + 0)).
5
7 - (-4 - (8 + -8 - 1))
10
Evaluate 24 + -10 - -1 - 7.
8
What is -2 + 4 + 0 + -2 + 3?
3
What is (0 - -3) + (-12 - (1 - 17))?
7
-6 - (4 + 2) - -8
-4
Evaluate -6 - -1 - (27 - (-22 - -50)).
-4
Evaluate 3 + -2 - (-2 - (-1 - 1)).
1
Evaluate 2 + 6 + -3 + 1 + -4.
2
What is the value of (2 - -2) + -43 + 37?
-2
Calculate -1 + 2 + (7 - 5 - 6).
-3
What is 4 + 2 + -3 + -9 + 2?
-4
What is -8 + -8 + 2 + 15?
1
What is the value of 0 + 2 - 0 - (-1 - -7)?
-4
What is the value of (6 + -3 - 5) + -4?
-6
Calculate 1 + 2 + (-118 - -113).
-2
-5 + (12 - 5) + -2
0
Evaluate -7 + 5 - -2 - -2.
2
(-2 - -2) + -3 + 2 + -4
-5
Calculate (0 - 0) + 4 + -1 + -3.
0
(-2 - 3) + -1 + 4
-2
-19 + 15 - (-2 + -1)
-1
Evaluate (39 - 43) + (5 - 3).
-2
Evaluate -2 - 10 - (10 + -17) - -6.
1
Calculate -1 + -6 + (13 - 12) - -4.
-2
What is the value of 2 - (-1 - -3) - (-8 + 6)?
2
What is the value of 9 + (5 - (1 + 8)) - 5?
0
What is -2 + (0 + 0 - -3) + 2?
3
(9 - 12) + (2 - 1) - 1
-3
Calculate -4 + 5 + -7 - (0 + -7).
1
What is the value of -4 + -2 + 3 + 0?
-3
What is -5 + ((8 - 3) + -5 - -5)?
0
-7 - (-19 + 10 + -1)
3
Evaluate 2 - (-4 - -3 - (-5 + 11)).
9
What is the value of 0 + (5 - -2 - 8)?
-1
What is the value of -7 - (6 - (-11 + 22))?
-2
(3 - 3) + -5 + -1 + 3
-3
What is -9 + 3 + 1 + 8 + -8?
-5
23 + -28 - (-1 + 0)
-4
What is -1 - (1 + 5) - (-2 - 10)?
5
1 + 7 + (4 - 10) + -1
1
What is 3 + 1 + -2 + (5 - 6)?
1
What is the value of -1 + (-2 - -4) - (11 - 10)?
0
What is -5 - -4 - (-2 - (-4 - 0))?
-3
What is the value of (4 - 2) + 2 - (-1 - -3)?
2
Evaluate 0 + 0 + (2 - (-7 - -9)).
0
1 - 0 - (1 - (-3 + 1))
-2
Evaluate 0 + (2 - 1 - -3).
4
What is 3 - (-3 - (-15 - -8 - -2))?
1
(2 - 11) + (4 - 0)
-5
What is 4 - 2 - (-9 + 7 + 7)?
-3
What is 0 + -10 + 14 - (5 - -2)?
-3
Evaluate 3 - 10 - (6 + -12).
-1
0 - -2 - (-1 - (-1 - 0))
2
Calculate -1 - (0 + -1 + -6 + 1).
5
What is the value of 2 + -2 + 2 + (2 - 1)?
3
0 - (-2 + (0 - 0))
2
2 + -10 + (-40 - -49)
1
What is the value of 6 + 3 + -3 + -3?
3
Calculate (-18 - -18) + (0 - 3).
-3
Evaluate (4 + (-7 - -4) - -1) + -3.
-1
Calculate -2 + (5 - 4) - (-5 - 2).
6
What is the value of -1 + (-16 - -7) + (5 - 1)?
-6
Evaluate -6 + -8 + 3 + 13.
2
-1 - (0 - ((-3 - -5) + 1))
2
What is the value of -2 + 8 + (2 - 4)?
4
What is the value of 6 + -3 + -2 + 0 - -3?
4
What is -167 + 172 - (5 - -1 - -1)?
-2
-16 - (-6 - -1) - (0 - 5)
-6
What is the value of 16 - (-5 + 22 + -10)?
9
Calculate (3 - 5) + (-1 - -3).
0
What is 0 - 10 - (55 + -60)?
-5
What is -2 + 15 + (-36 - -26)?
3
Evaluate 2 - 4 - -7 - (-31 + 29).
7
What is the value of (-7 - -1) + (3 - 2) + 3?
-2
Evaluate (-8 - -2 - -3) + 12 - 4.
5
What is the value of -6 + 6 + 3 + -3 + 1?
1
What is -6 + (1 + -5 - -5)?
-5
Evaluate (-8 - -4) + (-2 - -1) + 0.
-5
(-1 - (-2 - -4)) + 3 + 1
1
Calculate 9 + (-16 - (10 - 10)).
-7
Evaluate 1 - (-6 + 1) - 7.
-1
What is -2 - (3 + -2 + -3)?
0
7 - -11 - (15 + (-7 - 0))
10
-1 + 3 + -6 + 1
-3
What is the value of (-9 - 13) + 2 - -10?
-10
10 - (7 + -8 + 6)
5
What is 2 - ((8 - 19 - -9) + 7)?
-3
What is the value of -2 - (-3 + 3) - -1?
-1
What is (12 - -4 - 12) + -2 + -9?
-7
(3 - (-4 + -5 + 4)) + -6
2
What is the value of -6 + -1 - (10 + -4 - 10)?
-3
What is the value of -8 + 3 - -9 - (-1 + 1)?
4
7 + -9 + 4 + (6 - 5)
3
Evaluate -3 + -10 + -2 + 11.
-4
(2 - -6 - -2) + -15
-5
What is 1 - (1 + -3 - (1 + 1))?
5
Calculate 3 + 0 + 8 + -13.
-2
Calculate -8 + 4 - -1 - 2 - 2.
-7
1 + 3 + 11 + -6
9
What is -1 + -1 + (-4 - -6)?
0
Calculate 217 + -222 - (0 - (6 + 0)).
1
What is (19 - 29) + (0 - -11)?
1
3 + -1 + (-23 - -24) - 1
2
Calculate (0 - 2) + 10 + -6.
2
What is the value of 21 - 25 - (2 - 1)?
-5
-9 + (1 - (-29 - -14))
7
What is the value of 1 + 3 - (-3 - -5)?
2
Evaluate 7 + -3 + 8 + -5 + -6.
1
Calculate -1 - -4 - (-57 - -59).
1
What is the value of -5 + 3 + 7 + -1?
4
Evaluate -3 - (1 + -1) - (-9 + 8).
-2
Calculate (6 - (-4 + 5)) + -11.
-6
What is 2 + -1 + -1 + (7 - 9)?
-2
Evaluate 1 + (2 - 3) + -1.
-1
Calculate 1 - (3 - (-4 + 6 - 4)).
-4
Calculate 3 + 1 - (-20 - -28).
-4
Evaluate 10 + 0 + -10 + (3 - -2).
5
Evaluate (32 - 37) + (-3 + -2 - -2).
-8
1 + 1 - (-32 - -36)
-2
-8 + (2 - -1) + 2
-3
What is the value of (1 - -1) + 7 + -5?
4
What is -9 + 1 + 0 - -16?
8
(-4 - -3) + 6 + 1 + -1
5
-2 + (-3 - 0) - (0 + -1)
-4
Calculate (2 - 1) + 18 + -25.
-6
Calculate -5 + 16 + -13 + 5 + 1.
4
Calculate (-8 - -6 - (-2 + 2)) + 0.
-2
What is the value of -7 + 2 + (49 - 38)?
6
What is the value of 0 - 3 - -1 - (-7 - -9)?
-4
What is 3 + -1 + 4 + -10?
-4
What is the value of -2 - 8 - (91 + -91)?
-10
Calculate 5 + -2 + -5 + 0.
-2
Evaluate -1 + 1 + 1 + (-1 - -4).
4
(18 - 17) + -1 + 0
0
What is the value of -3 - (2 + 10 + -7)?
-8
Calculate (-2 - -5) + (-3 - (-1 - -1)).
0
-1 - ((0 - 5) + 0)
4
-6 - (6 + (4 - 11))
-5
-30 - -31 - (1 - -1) - -10
9
(-7 - -11 - 5 - -9) + -3
5
What is 1 - (6 + 4 + -9)?
0
Calculate -1 - -1 - -2 - (0 + 1).
1
What is 1 + (-2 - 3 - -1) - 0?
-3
-11 + 23 - (10 + 8)
-6
(22 - 19) + (-4 - 4)
-5
Calculate 6 + 0 + -2 + 10 + -13.
1
Evaluate 0 + (1 - 2) + (-5 - -7).
1
What is the value of (2 - (-4 + 2)) + -2?
2
(-1 - -2) + (-3 - -1)
-1
Evaluate -12 - (-4 - (12 + -10)).
-6
What is (4 - (2 - -1)) + -6 + 2?
-3
Evaluate 9 - (10 + -9 + 3).
5
What is the value of -8 + 0 + (-2 - -1)?
-9
Calculate -9 + 3 - (8 - 1 - 5).
-8
Evaluate -1 - -1 - (3 + -6).
3
(-2 + -1 - -9) + -1
5
40 + -42 + (-7 - -1)
-8
Evaluate -11 + 6 + 0 - -5.
0
What is the value of -2 - (-2 + (10 - 9))?
-1
-10 - -5 - ((-6 - 0) + -4)
5
What is 1 - (6 + -3 + -5 + 3)?
0
Evaluate 0 + -1 + -5 + 8 + -6.
-4
What is 4 + 